 4*f(s) - 11*k(s). Calculate c(7).
-10
Let b(w) be the first derivative of 5*w + 3/4*w**4 + 5/2*w**2 + 1/20*w**5 + 3/2*w**3 - 4. Let y(s) be the first derivative of b(s). Give y(-8).
-3
Suppose -31 - 41 = 4*p. Let m = p - -29. Let x = m + -4. Let i(j) = j**2 - 7*j - 3. Determine i(x).
-3
Let d(h) be the second derivative of -h**3/2 - h**2/2 - 27*h. What is d(-2)?
5
Let r(o) = 2*o**2 + 3*o - 3. Let u(b) = 7*b + 2. Let t be u(0). Give r(t).
11
Suppose 18 = -5*q + 4*q. Let k = 16 + q. Let b(i) = -i**3 - 3*i**2 - i - 1. Give b(k).
-3
Suppose 5*x - 4*m + 8 = -2, 5*x - m = 5. Let a(d) = -d**2 + 2*d + 1. Determine a(x).
1
Let j(w) = -26*w + 3*w - 5*w - 79*w**2 + 80*w**2 + 78. Calculate j(25).
3
Let b(v) = v**3 - v**2 - 2*v + 5. Suppose 4*r + 4 = 0, -4*t + 7*t - 10 = 4*r. Determine b(t).
5
Let q(b) = -b - 8. Let w be ((-15)/(-10))/((-6)/(-8)). Let h be (-9)/w*(11 + -9). Give q(h).
1
Let c(o) = -o**3 + 3*o**2 - 10*o. Let l(x) = -5*x**3 + 10*x**2 - 40*x + 1. Let r(n) = -9*c(n) + 2*l(n). Give r(-8).
-14
Let r(g) = -5*g**2 - 2*g - 5. Let n(i) = -4*i**2 - 2*i - 5. Let p(k) = 6*n(k) - 5*r(k). Let v = 2741 + -2736. What is p(v)?
10
Let c(h) = 121*h**2 + 1 - 231*h**2 + 109*h**2. Determine c(-5).
-24
Let w be (0 - 0) + (1 - -1). Let z be -2 + 6*(-8)/(-12). Let h(p) = 2*p**3 - 76*p + 3*p**2 - 4 + 74*p + z - 3*p**3. Give h(w).
-2
Let p(v) = 2*v**3 - v**2 - 2*v - 2. Suppose -8*n + 10*n - 8 = 4*a, -2*a = 2*n - 2. Calculate p(n).
6
Let d(l) = -3*l**2 + 16 - 18 - l - l**3 - 2. Calculate d(-3).
-1
Let d(s) be the third derivative of -1/8*s**4 + 0 + 0*s - 7*s**2 - 1/6*s**3. Suppose 3 = p + 5. What is d(p)?
5
Let r(g) = -5*g - 4. Let i be r(1). Let d(o) = o**3 + 10*o**2 + 10*o - 1. Give d(i).
-10
Let y be 2/(-3)*(-75)/2. Suppose 0 = -k + 22 - y. Let f(h) = 2*h - 1. What is f(k)?
-7
Let k = 29 + -33. Let c(s) = 3*s**3 - 5*s**2 + 5*s - 4. Let f(a) = -a**3 - 1. Let n(d) = k*f(d) - c(d). Determine n(-6).
2
Suppose 0 = -5*v + 3*n - 14, 14 = -4*v + 2*n - n. Let l(u) = u + 2. What is l(v)?
-2
Let t(x) = x**3 - 6*x**2 - 6*x - 7. Let o be 3 + (-20)/(-5)*1. What is t(o)?
0
Suppose -7*t - 32 = t. Let s(z) = z**2 - 6*z + 6. Let x(k) = -k**2 + 6*k - 5. Let b(q) = t*x(q) - 3*s(q). Let j = 19 + -13. Determine b(j).
2
Let y = 1 + 1. Suppose 0 = 2*a + 2, -5*a + 2 = -y*g + 3. Let t(d) = 6*d - 12*d - 10 + 9 + 0*d. Determine t(g).
11
Let g be (560/95 - 6) + (-21)/(-19). Let w(y) = -8*y**3 + 1. What is w(g)?
-7
Suppose 51*i - 32 = 47*i. Let o(f) = -6 - 2*f - 7*f + i*f. What is o(-8)?
2
Let r be ((-14)/(-8))/(2/(2 + 6)). Let a(c) = c - 8. Give a(r).
-1
Let i be -4 + ((-18)/6 - -9). Let q be -1 - 1 - (6 - i/1). Let v(r) = r**3 + 5*r**2 - 7*r - 4. Calculate v(q).
2
Let g(o) = -56 - 64 - o + 124. Determine g(5).
-1
Let n(y) = 10*y**3 - 11*y**2 - 8*y - 11. Let m(o) = 3*o**3 - 4*o**2 - 3*o - 4. Let h(l) = 11*m(l) - 4*n(l). Determine h(-1).
8
Let h(p) = 9*p**3 - p**2 - p + 1. Suppose 88 = -7*i - 45. Let x = 20 + i. Calculate h(x).
8
Let h(j) = 4*j - 14. Let d be h(3). Let f(i) = -3*i**2 + 3*i + 2. Give f(d).
-16
Let y be ((-1)/(2/4))/(-1). Let v(h) = h + 0*h**3 - 2*h**y - 2*h**3 + 5 - 4. Suppose 146*i - 160*i - 28 = 0. Determine v(i).
7
Let t(w) = w**2 - w - 1. Let i(r) = -4*r + 25*r**2 - 4*r + 1 - 24*r**2. Let k be i(8). Let l be t(k). Let g(u) = 5*u**2 - u. Give g(l).
6
Let x(j) = -j + 2. Let d = -2 + -30. Let o = d + 30. Calculate x(o).
4
Let n(j) = -59*j - 12. Let q(r) = -2. Let m(l) = n(l) - 6*q(l). Let s(t) = 89*t. Let b(o) = 8*m(o) + 5*s(o). Give b(1).
-27
Let d(i) = 3 - i - 12 + 13. Calculate d(4).
0
Let m(p) = -p**3 - 6*p**2 - p - 6. Let h = -31 - -53. Suppose 4*g + h = -2. Calculate m(g).
0
Let h(s) = -s - 3. Let u(z) = z - 4. Let a be u(5). Suppose -r + a = 9. What is h(r)?
5
Let v(p) = p**3 - 5*p**2 + 7*p - 7. Let s be v(4). Let y be (-18)/s - (-24)/40. Let a(l) = -2*l - 2. What is a(y)?
4
Suppose 7*p = 10*p - 12, -2*z + 4*p = 28. Let i(j) be the third derivative of 4/3*j**3 - j**2 + 0 - 7/24*j**4 - 1/60*j**5 + 0*j. What is i(z)?
14
Let v(i) be the first derivative of i**6/120 - i**5/30 + i**4/24 - i**3/3 - 6*i**2 + 12. Let f(w) be the second derivative of v(w). Calculate f(2).
0
Let m(l) = l**2 - 6*l - 3. Let i(q) = 3*q - 9. Let s be i(3). Suppose -14 = -s*u - 2*u. Determine m(u).
4
Let c(a) = -5*a**3 - 5*a**2 - a - 1. Let w(t) = 4*t**3 + 4*t**2 + t. Let f(j) = -2*c(j) - 3*w(j). What is f(1)?
-3
Let i(l) be the first derivative of 27*l**2/2 + l - 52. What is i(-1)?
-26
Let n(h) = h**3 - 7*h**2 - 11*h + 12. Suppose -15 - 19 = -2*j. Suppose -2*a - 1 = -j. What is n(a)?
-12
Let c(x) = -4 - x + 2 + 0. Let j be ((-6)/4)/(27/(-234)). Suppose 5*d = 3*i - 29, 4*d + 18 = 5*i - j. Give c(d).
2
Let r(j) be the second derivative of -j**5/20 + j**4/2 + 2*j**3/3 + 3*j**2 - j. Let d = -537 - -544. Give r(d).
-15
Let g(s) = -s**3 + 6*s**2 - 7*s + 1. Let m = 51 + -49. Let q = m + 3. Determine g(q).
-9
Let s = 4 + 5. Let f = s - 12. Let h = f - -5. Let r(t) = -t. Give r(h).
-2
Let l(z) = z**2 - 9*z + 5. Let q(v) = -2*v**2 + 18*v - 11. Let t = -5 - -9. Let w(r) = t*q(r) + 9*l(r). Determine w(7).
-13
Let y(j) be the third derivative of j**7/1680 + j**6/360 - 11*j**5/30 - 6*j**2. Let l(d) be the third derivative of y(d). What is l(-4)?
-10
Suppose -4*b + 10 = -10. Let q(p) = -p**3 - 10*p + 19*p - 5*p + 5 - b*p + 6*p**2. What is q(6)?
-1
Let f(d) = -8 + 3 + d + 0*d. Let b be f(5). Let n(k) = 4*k**2 - 3*k**2 + k + 2*k + b - 1. Determine n(-4).
3
Let x(d) = -d + 15. Let a be x(9). Let l = a - 5. Let b be -5*(-2 - l - -2). Let p(h) = h**3 - 5*h**2 + h + 7. Determine p(b).
12
Let h be 66/9*432/132. Let w(a) = -a**2 + 22*a + 46. What is w(h)?
-2
Let x(h) = 14*h + 1. Let j(p) = -24*p - 1. Let o(q) = 3*j(q) + 5*x(q). Give o(0).
2
Suppose -4*z = 3*a + 43 - 62, a + 2*z - 5 = 0. Let s(v) be the second derivative of -v**5/20 + 3*v**4/4 + v**3/3 - 11*v**2/2 - v. What is s(a)?
7
Suppose 3*h - 18 = -2*a, -5*h - a = -2*h - 18. Let n(f) = -f**2 - f + 4. Determine n(h).
-38
Let t(l) be the third derivative of l**5/60 + 13*l**4/24 + 2*l**3 + l**2 + 7. Calculate t(-8).
-28
Let r = -2 + 5. Let z(p) = p**3 + 2*p + 1. Let f(w) = -7*w**3 + 3*w**2 - 15*w - 6. Let k(h) = -f(h) - 6*z(h). Determine k(r).
9
Let g = 12 + -6. Let x(a) = a**3 - a**2 - a + 1. Suppose 0 = 8*q - 3*q - 25. Let j(h) = -6*h**3 + 11*h**2 + 5*h - 7. Let d(w) = q*x(w) + j(w). Determine d(g).
-2
Let b(x) = 30*x + 12. Let a(o) = 5*o. Let q(k) = 5*a(k) - b(k). Determine q(-4).
8
Let w(q) be the first derivative of q**3/3 + 2*q**2 - 5*q + 376. What is w(-4)?
-5
Let h(r) = -r**3 + r**2 + 3*r + 2. Let q be h(-2). Let b(o) = 5*o**2 - 7 + q*o - o**3 + 3*o + 0*o**3 - 10*o. What is b(5)?
-2
Let z(d) be the second derivative of 0 + 3/2*d**2 - 2/3*d**3 - 5*d - 1/20*d**5 + 5/12*d**4. Determine z(2).
7
Let l(r) = -2*r + 35. Suppose 4*f - 72 = -2*a, -3*f - 4*a = 4 - 53. Calculate l(f).
-3
Let r(v) = -4*v - 10. Let b be r(-2). Let m = -2 + 17. Let u(c) = 14*c**2 + 1 + 2*c - m*c**2 + 3*c**3 - 2*c**3. Calculate u(b).
-15
Let v(x) be the first derivative of x**7/840 + x**6/72 + x**5/120 + 5*x**4/24 + 4*x**3/3 - 16. Let a(k) be the third derivative of v(k). Calculate a(-5).
0
Let r(f) = f**2 - f - 4. Let b be (-32)/(-48)*18/4. Calculate r(b).
2
Let h(m) = -2*m - 1. Let v = 18 - 11. Suppose -v*d - 16 = -3*d + 4*x, 5*d - 7 = 4*x. Give h(d).
1
Let j(m) = 2*m - 11. Suppose 223*y - 224*y + 5 = 0. Determine j(y).
-1
Let d = -2 - 3. Let v(a) = -a**3 - 6*a**2 + 5*a - 9. Let o be v(-7). Let u(g) = 4*g + 2 - 6*g + o + 3*g. Calculate u(d).
2
Let h(s) = -2*s + 39 - 82 + 37. Give h(-3).
0
Let k(j) be the third derivative of -j**4/6 - 5*j**3/6 + 3*j**2 - 2*j. What is k(-4)?
11
Suppose -100 = -68*s + 36. Let c(m) = 3*m**3 - 3*m**2. Determine c(s).
12
Suppose 5*l - 4 = 6. Let j(b) = b**2 - b + 6*b + 2*b - l*b. Give j(-4).
-4
Suppose -5*i + 1 = -4. Suppose -n + r + i = -2, -4*n + 2*r = -8. Let j(x) = -x. Let d(w) = 2*w - 1. Let v(u) = n*d(u) + j(u). Determine v(0).
-1
Suppose 11 - 83 = -24*k. Let o(m) = -m**2 + m - 4. What is o(k)?
-10
Let x(b) = b**2 + 3*b + 1. Let y be x(-3). Suppose 2*v = -13*v - 150. Let w(n) = 8*n - 2. Let t(j) = j. Let f(i) = v*t(i) + y*w(i). Determine f(5).
-12
Let t(i) = i**2 + 9*i + 17. Let m be t(-7). Let d be (2/m)/((-4)/(-6)). Let l(h) = 0 + h**2 - 5*h + 4*h**2 + 